third derivative of q**5/60 - q**4/2 + 5*q**3/2 + 374*q**2. Give x(10).
-5
Let u(p) = -99 + 10*p**3 - 9*p**3 + p - 6*p**2 + 95. Give u(6).
2
Let d(k) be the first derivative of -2*k**3/3 - k**2 + k + 1. Calculate d(-3).
-11
Let v(s) = 271*s**2 + 3 - s**3 - 267*s**2 + 2*s**3 + 2*s. What is v(-2)?
7
Let n be 4 - (1 - (-1 + (-5)/5)). Let v(z) = 16*z**2 - z + 1. What is v(n)?
16
Let q(y) = y**3 + 7*y**2 + 5*y - 6. Let n = 340 - 346. Give q(n).
0
Let p = 28 + -22. Suppose -5 = -f - 0*f. Let h(j) = 7 + f - 7 + 0 + j**2 - 6*j. What is h(p)?
5
Let r(w) = w**2 - 4*w + 2. Let n(b) = -b**2 - b - 1. Let h(x) = 2*n(x) + r(x). Suppose -73 - 5 = -3*t. Suppose 0 = 5*s + 9 + t. Calculate h(s).
-7
Suppose 6*v = 3*v + 6. Let c(a) = 20*a**2 - 2 + a - 4*a + 0 - 18*a**v. Calculate c(3).
7
Let h(a) = a**2 + 3*a + 3. Suppose -m - 4*v + 2 + 13 = 0, 5*v - 15 = 0. What is h(m)?
21
Suppose 5*f - 15 = -m, m = 5*f - 2*f - 1. Suppose o + 3 = f*o, 11 = 5*q - 3*o. Let b(w) = -2*w + 4. Determine b(q).
-4
Let h(g) be the third derivative of g**4/8 - g**3/3 + 3*g**2 - 55. Suppose -4*i = -3*y + 26, -y + 7 + 0 = -i. What is h(y)?
4
Let g(k) = 4*k**2 + 2*k + 1. Suppose 7*h - 5 = 2. Let u be -2*h*4/(-24)*-3. Determine g(u).
3
Let v(a) be the third derivative of a**5/30 - a**4/6 - 2*a**3/3 + 255*a**2 + 2*a. What is v(6)?
44
Suppose -1605*x - 60 = -1615*x. Let k(g) = 0*g - 5 + 7*g**2 - 1 - 4*g - g**3. What is k(x)?
6
Suppose 0 = 22*z + 51*z + 730. Let x(p) = 5*p + 42. Determine x(z).
-8
Let b be 5*(1 + -3 - -1). Let v(s) = -6 + 3 - s**3 + 0*s**2 - s**2 - 4*s**2. Determine v(b).
-3
Let o(c) = c**2 + 3 - 2*c**2 + 5*c + 0 - 6. Let v be o(3). Let g(r) = -2*r + 1. Determine g(v).
-5
Let b(q) = 7*q - 1. Let y(n) = -3*n + 1. Let p(z) = 4*b(z) + 9*y(z). Suppose -4*x + 36 = -30*s + 32*s, 0 = 3*s - 5*x + 1. Give p(s).
13
Let q(t) be the third derivative of 0*t**3 + 1/120*t**5 - 1/120*t**6 + 0 - t**2 + 0*t + 1/8*t**4. Let z(s) be the second derivative of q(s). Calculate z(1).
-5
Let q(t) = 2*t**2 + 13*t + 3. Suppose -41 = 3*i - 23. Let u be q(i). Let f(d) be the second derivative of -d**4/12 - 2*d**3/3 - d**2/2 - d. What is f(u)?
2
Suppose 2*r - 12 = 6*r. Let h = 15 + -12. Let d(a) = 0 + 2*a**3 - 2*a**2 - h*a**3 - 1 + 4*a + 2. Determine d(r).
-2
Suppose v = -4*g - 3*v - 16, 4*g - v - 4 = 0. Let n(x) be the first derivative of -2*x**2 - 1/3*x**3 + g*x + 8. What is n(-3)?
3
Let r(h) be the first derivative of 1/60*h**5 - 9 + 0*h - 1/24*h**4 - h**3 + 0*h**2. Let a(d) be the third derivative of r(d). Determine a(-3).
-7
Let m = 33 + 8. Suppose 5*v = -61 + m. Let t(u) = u**3 + 4*u**2 + 2*u - 2. Determine t(v).
-10
Let i(k) = -k**2 + 5*k + 2. Let h(g) = 3*g - 1. Let z be h(1). Suppose z*c + 2*c = 16. Suppose s = -2*d, c*s - 3*s + 4*d + 4 = 0. Give i(s).
6
Let u be (-125)/10*8/(-10). Let z = -8 + u. Let o(b) be the third derivative of -b**6/120 + b**5/20 - b**4/6 + b**3/2 - 14*b**2 - 1. What is o(z)?
-1
Let o(y) = 6*y - 6. Let h(d) = d - 1. Let b(c) = 5*h(c) - o(c). What is b(9)?
-8
Let x(c) = c + 8. Suppose -2*o + 5*v + 13 = 0, 2*o - v = -0*v + 9. Suppose 16 + 0 = o*g. Suppose -g*k = -3*k + 6. Calculate x(k).
2
Suppose 4*u - 24 = -2*u. Suppose -19 = 5*g - 2*a - 57, 37 = u*g + 5*a. Let v(d) = d - 18. Determine v(g).
-10
Let m(n) = 3*n - 9. Let g be m(11). Let l be g/(-32)*(-424)/2. Let v(i) = -7 + 1 + l*i**2 + 7*i - 160*i**2. Determine v(6).
0
Let i(y) = -3. Let q(g) = g + 2. Suppose -4*w + 20 = -3*t + 7, -2*t - w + 6 = 0. Let f(v) = t*i(v) + 3*q(v). Determine f(4).
15
Let o = -34 + 37. Let r(l) = -3*l**o + 6 - 7 - 2*l + 2*l. Calculate r(-1).
2
Let p(i) = 3*i**3 - 4*i**2 - i + 5. Let g(n) = -7*n**3 + 10*n**2 + 3*n - 9. Let h(k) = 4*g(k) + 9*p(k). Calculate h(6).
-45
Let l(g) be the third derivative of -g**5/60 - 13*g**4/24 - g**3/6 - 3*g**2 + 5*g. What is l(-13)?
-1
Let m(i) be the second derivative of i**5/60 + 4*i**3 + 5*i. Let r(h) be the second derivative of m(h). Determine r(-1).
-2
Let b = -33 - -57. Let w(c) = b*c**2 - 11*c**2 + c**3 + 3*c - 9*c**2 - 4. Let y be w(-3). Let s(l) = -l + 3. Give s(y).
7
Let j(v) = 6*v - v**3 - 129*v**2 + 133*v**2 - 1 + 4. Determine j(5).
8
Let o(m) = 28*m - 1735. Let y be o(62). Let r be (-2)/(-2)*-2 - -6. Let s(n) = -n + r*n**2 - 4*n**2 - 3*n**2. Determine s(y).
-4
Let i(y) = -6 + 3*y - y + 3*y + 0. What is i(-7)?
-41
Let v(b) = -3*b - 1. Let z(i) = -i**2 + 11*i + 25. Let u be z(-2). Determine v(u).
2
Suppose 4*b + 5 = -5*k, -5*k - 6*b + 3*b - 5 = 0. Let u(p) = p + 3. Calculate u(k).
2
Let w(n) be the first derivative of n**3/3 + 3*n**2/2 + 53. Calculate w(-4).
4
Let q(l) be the third derivative of 1/60*l**5 - 4/3*l**3 - 4*l**2 + 0 + 0*l - 1/4*l**4. Suppose -2*p + 26 = 14. Determine q(p).
-8
Let u(f) be the third derivative of -f**4/4 + 7*f**3/6 - 9*f**2 - 1. Determine u(6).
-29
Let p(g) = -g**3 + 4*g**2 + 3*g + 6. Let z(h) = -h**3 - 7*h**2 + 30*h + 5. Let k be z(-10). Calculate p(k).
-4
Suppose 5 - 2 = z. Let j(u) = u**2 - 4*u + 1. Let p(h) = -h**3 + 4*h**2 - 4*h - 2. Let q(y) = 2*j(y) - p(y). What is q(z)?
1
Let t(a) = -38*a**2 - 15*a + 29. Let x(u) = -7*u**2 - 3*u + 6. Let l(r) = -2*t(r) + 11*x(r). What is l(-4)?
4
Let j = -1177 - -1179. Let t(r) = -3*r + 7. Calculate t(j).
1
Suppose 2*b + 11 = -2*j + 5*b, -5*b + 19 = -4*j. Let d(v) be the first derivative of -6*v**2 - 11. Calculate d(j).
12
Let d(h) = 6*h - 6. Let y be (18/(-15))/(2*(-3)/20). Suppose 0*x = -y*x + 20. Determine d(x).
24
Let c = 8 - 10. Let z be ((-2)/(-6))/(c/(-18)). Let x(u) = -u + z*u**2 + u**2 - 3*u**2 - 3. Give x(3).
3
Let u(g) be the first derivative of 1/2*g**2 + 0*g**3 - 1/2*g**4 - g - 12. What is u(1)?
-2
Let b(y) = -4*y**3 + 7*y**2 - 3*y - 6. Let x(g) = -5*g**3 + 7*g**2 - 4*g - 6. Let v(r) = -6*b(r) + 5*x(r). Determine v(-6).
-18
Let b(h) be the third derivative of -h**5/60 - 3*h**4/8 - 5*h**3/6 + 14*h**2. Suppose 3*l - 3 = 3*k, 55 = -5*k + 2*l - 7*l. Determine b(k).
13
Let m(n) = -n - 22. Let y = 1415 - 1437. Give m(y).
0
Let l(u) be the second derivative of -u**3/2 + 9*u**2/2 - 63*u. Give l(6).
-9
Let h(s) = 2*s + 6. Suppose -3*g = 8 + 4. Let t be h(g). Let m(i) = -78*i - 75*i + 154*i - 10 + 11. Calculate m(t).
-1
Let p(f) = -41*f + 18*f + 4*f**2 + 18*f - 2. Let j be p(2). Let r(u) = u**3 - 3*u**2 - 5*u. Calculate r(j).
-4
Let m(s) = 2*s + 1. Let z = -35 - -51. Let y = 29 - z. Let f = -18 + y. Calculate m(f).
-9
Let f(p) be the second derivative of -5/12*p**4 + 0 + 1/20*p**5 - 4/3*p**3 + 1/2*p**2 + 8*p. Give f(6).
-11
Let j(h) = -h**3 - 6*h**2 + 6*h + 8. Let b = 1483 - 1490. Determine j(b).
15
Let f(d) be the second derivative of -d**8/6720 - d**7/2520 - d**6/240 - d**5/40 - 10*d**4/3 + 11*d + 2. Let h(x) be the third derivative of f(x). Give h(-3).
24
Let b(g) be the first derivative of -1/3*g**3 - 13 - 1/4*g**4 + 1/2*g**2 - 20*g. What is b(0)?
-20
Let g(x) be the first derivative of x**2/2 - 2*x - 79. Give g(4).
2
Let z(y) = 10*y**2 - 3*y - 1. Let k be z(-2). Let c = 52 - k. Let o(a) = a**3 - 6*a**2 - 7*a. Give o(c).
0
Let v(s) be the third derivative of s**4/4 - s**3 + 257*s**2. Calculate v(4).
18
Let n(u) = -5*u**2 - 16*u - 19. Let h(a) = -3*a**2 - 10*a - 10. Let l(o) = -7*h(o) + 4*n(o). Determine l(-5).
-11
Let w be (-7)/42 + (-1 - (-7)/6). Let q(s) = -s**2 + s + 24. Calculate q(w).
24
Let y be (4 - 3) + -4 + 4. Let x(w) = 0*w + 6 + w**2 + y + 0*w. Determine x(0).
7
Suppose 0 = 2*m + 2*b + 2, 3 = 4*m + 5*b + 10. Let x(f) = 6*f - 1. Give x(m).
11
Let u = 0 + 4. Suppose -r = -u*q - 2*r + 5, 5*r + 13 = -q. Let j(d) = d + 0*d + 2 - 5 - q. Give j(6).
1
Let q(l) = l**2 + 20*l - 121. Let b be q(5). Let z(x) be the first derivative of x**4/4 - x**3 - 5*x**2/2 + 3*x + 1. Give z(b).
-1
Let y(s) = -16*s - 21. Let k be y(0). Let v(c) = 2*c + 38. What is v(k)?
-4
Let h(k) = -10*k**3 + 2*k**2 + 7*k - 11. Let o(t) = -3*t**3 + t**2 + 2*t - 4. Let r(c) = 2*h(c) - 7*o(c). What is r(3)?
6
Let k(h) = -2*h**3 + 17*h**2 + 72. Let v be k(9). Let z(l) = -l + 8. Calculate z(v).
17
Let a(q) = q**2 + 7*q - 9. Let x be a(-9). Suppose 5*u - x = -4. Let y(s) = -s**2 + 2*s. Calculate y(u).
1
Let z(y) = 7*y**2 - y - 2. Let s(d) = -13*d**2 + 3*d + 5. Let j(x) = 3*s(x) + 7*z(x). Suppose 207*w = 201*w - 6. Calculate j(w).
9
Let p(d) = 10*d - d + 6 - 2*d. Let h(o) = 2*o**3 + 16*o**2 - 16*o + 14. Let u be h(-9